 134446 is divided by 24101?
13941
What is the remainder when 392603675 is divided by 980?
975
What is the remainder when 11715975 is divided by 44?
7
Calculate the remainder when 34592 is divided by 576.
32
What is the remainder when 10339715 is divided by 94?
91
What is the remainder when 44573 is divided by 10491?
2609
What is the remainder when 23010289 is divided by 450?
439
What is the remainder when 6454932 is divided by 2976?
2964
What is the remainder when 3693761 is divided by 3693752?
9
What is the remainder when 3878905 is divided by 969665?
245
Calculate the remainder when 4494173 is divided by 110.
13
What is the remainder when 1677411 is divided by 34?
21
Calculate the remainder when 21755 is divided by 1572.
1319
What is the remainder when 437333 is divided by 7840?
6133
What is the remainder when 21685407 is divided by 249?
246
What is the remainder when 44185 is divided by 9741?
5221
What is the remainder when 24445555 is divided by 11861?
34
What is the remainder when 10434432 is divided by 434767?
24
What is the remainder when 222451 is divided by 290?
21
Calculate the remainder when 173991 is divided by 173958.
33
Calculate the remainder when 6244473 is divided by 2477.
2433
What is the remainder when 295294 is divided by 305?
54
Calculate the remainder when 3560656 is divided by 273896.
8
What is the remainder when 4373726 is divided by 69?
23
What is the remainder when 5637993 is divided by 16?
9
What is the remainder when 11337 is divided by 2097?
852
What is the remainder when 49600248 is divided by 818?
0
What is the remainder when 4491437 is divided by 236391?
8
Calculate the remainder when 209097987 is divided by 45.
42
Calculate the remainder when 2236978 is divided by 2748.
106
Calculate the remainder when 46754 is divided by 4659.
164
What is the remainder when 112385 is divided by 22467?
50
What is the remainder when 776812 is divided by 2111?
2075
What is the remainder when 51918049 is divided by 393?
391
What is the remainder when 10001890 is divided by 1111309?
109
Calculate the remainder when 2396447 is divided by 25.
22
What is the remainder when 99297 is divided by 9886?
437
What is the remainder when 668274 is divided by 21543?
441
What is the remainder when 358389 is divided by 8230?
4499
What is the remainder when 3010317 is divided by 602061?
12
Calculate the remainder when 143068 is divided by 4866.
1954
Calculate the remainder when 845445 is divided by 1935.
1785
Calculate the remainder when 5108 is divided by 2801.
2307
Calculate the remainder when 7184131 is divided by 2394270.
1321
Calculate the remainder when 11726814 is divided by 492.
486
Calculate the remainder when 29957200 is divided by 27.
25
What is the remainder when 107506 is divided by 2033?
1790
Calculate the remainder when 275698 is divided by 377.
111
What is the remainder when 1067455 is divided by 266686?
711
What is the remainder when 959871 is divided by 73820?
211
Calculate the remainder when 228862 is divided by 396.
370
What is the remainder when 23269 is divided by 11320?
629
What is the remainder when 81284 is divided by 417?
386
Calculate the remainder when 2480005 is divided by 826557.
334
Calculate the remainder when 188367879 is divided by 19.
17
Calculate the remainder when 2902260 is divided by 58.
56
What is the remainder when 340205 is divided by 37799?
14
Calculate the remainder when 9023922 is divided by 9042.
6
Calculate the remainder when 115839 is divided by 11.
9
What is the remainder when 7596297 is divided by 150?
147
Calculate the remainder when 3976906 is divided by 148.
146
What is the remainder when 1154597 is divided by 15?
2
Calculate the remainder when 22398 is divided by 924.
222
Calculate the remainder when 10326 is divided by 10325.
1
What is the remainder when 52512081 is divided by 26?
11
Calculate the remainder when 669343 is divided by 1727.
994
Calculate the remainder when 1674432 is divided by 12.
0
What is the remainder when 10293389 is divided by 45?
44
What is the remainder when 158852 is divided by 4369?
1568
Calculate the remainder when 4918769 is divided by 3903.
989
Calculate the remainder when 9587786 is divided by 57.
44
What is the remainder when 5429190 is divided by 68?
2
Calculate the remainder when 33858 is divided by 6671.
503
What is the remainder when 3077090 is divided by 1025675?
65
Calculate the remainder when 84157 is divided by 898.
643
Calculate the remainder when 13174199 is divided by 280302.
5
Calculate the remainder when 9682624 is divided by 294.
28
Calculate the remainder when 315022 is divided by 1042.
338
Calculate the remainder when 933244 is divided by 309.
64
What is the remainder when 824314114 is divided by 347?
346
Calculate the remainder when 180328 is divided by 19930.
958
Calculate the remainder when 660841 is divided by 65903.
1811
What is the remainder when 556095 is divided by 185361?
12
What is the remainder when 134890171 is divided by 356?
347
What is the remainder when 6108580 is divided by 3054026?
528
What is the remainder when 41179260 is divided by 2090?
2080
Calculate the remainder when 77581 is divided by 2454.
1507
What is the remainder when 152535 is divided by 446?
3
Calculate the remainder when 267389637 is divided by 452.
449
What is the remainder when 818269 is divided by 100?
69
Calculate the remainder when 7025423 is divided by 30.
23
What is the remainder when 10112375 is divided by 161?
126
What is the remainder when 650021 is divided by 132?
53
Calculate the remainder when 53135 is divided by 2041.
69
Calculate the remainder when 9180505 is divided by 1467.
19
Calculate the remainder when 58621291 is divided by 1342.
47
Calculate the remainder when 551836 is divided by 95.
76
Calculate the remainder when 775529 is divided by 856.
849
What is the remainder when 9970079 is divided by 80?
79
What is the remainder when 44543537 is divided by 12734?
5
What is the remainder when 24888646 is divided by 126?
118
What is the remainder when 4655324 is divided by 24?
20
What is the remainder when 19498 is divided by 8536?
2426
Calculate the remainder when 2622533 is divided by 150.
83
Calculate the remainder when 2491306 is divided by 704.
554
Calculate the remainder when 5958835 is divided by 13512.
43
What is the remainder when 133048 is divided by 11791?
3347
What is the remainder when 622068 is divided by 13523?
10
What is the remainder when 4857218 is divided by 17792?
2
Calculate the remainder when 4240570 is divided by 1537.
1524
Calculate the remainder when 11339457 is divided by 21.
3
Calculate the remainder when 480383 is divided by 643.
62
What is the remainder when 1825105 is divided by 192?
145
What is the remainder when 412359 is divided by 6342?
129
Calculate the remainder when 108931 is divided by 1626.
1615
Calculate the remainder when 794009 is divided by 158798.
19
Calculate the remainder when 1978932936 is divided by 4820.
4816
What is the remainder when 12637093 is divided by 8?
5
Calculate the remainder when 4631234 is divided by 10067.
414
Calculate the remainder when 605183 is divided by 1333.
1
Calculate the remainder when 48567 is divided by 21989.
4589
Calculate the remainder when 130905647 is divided by 115.
112
Calculate the remainder when 7822815 is divided by 58818.
21
Calculate the remainder when 2486026 is divided by 1795.
1746
Calculate the remainder when 1525742 is divided by 2.
0
Calculate the remainder when 4791751 is divided by 445.
436
Calculate the remainder when 52109 is divided by 1668.
401
What is the remainder when 11648870 is divided by 1094?
1052
Calculate the remainder when 5360680 is divided by 419.
413
What is the remainder when 970873 is divided by 120933?
3409
Calculate the remainder when 986992 is divided by 31838.
14
Calculate the remainder when 320255 is divided by 4056.
3887
What is the remainder when 286350 is divided by 3763?
362
Calculate the remainder when 109537603 is divided by 71.
10
Calculate the remainder when 929502 is divided by 464599.
304
Calculate the remainder when 61804 is divided by 1936.
1788
What is the remainder when 1353689 is divided by 338415?
29
Calculate the remainder when 19078663 is divided by 317.
18
Calculate the remainder when 1163486 is divided by 761.